{"id":1791,"date":"2023-02-21T16:02:16","date_gmt":"2023-02-21T15:02:16","guid":{"rendered":"https:\/\/vivenziahomeblog.condato.es\/?page_id=1791"},"modified":"2026-04-07T21:44:34","modified_gmt":"2026-04-07T20:44:34","slug":"manual-de-ayuda-del-registro-de-la-propiedad","status":"publish","type":"page","link":"https:\/\/vivenziahome.com\/blog\/manual-de-ayuda-del-registro-de-la-propiedad\/","title":{"rendered":"Manual de Ayuda del Registro de la Propiedad"},"content":{"rendered":"<div class=\"fusion-fullwidth fullwidth-box fusion-builder-row-1 fusion-flex-container nonhundred-percent-fullwidth non-hundred-percent-height-scrolling\" style=\"--awb-border-radius-top-left:0px;--awb-border-radius-top-right:0px;--awb-border-radius-bottom-right:0px;--awb-border-radius-bottom-left:0px;--awb-flex-wrap:wrap;\" ><div class=\"fusion-builder-row fusion-row fusion-flex-align-items-flex-start fusion-flex-content-wrap\" style=\"max-width:1248px;margin-left: calc(-4% \/ 2 );margin-right: calc(-4% \/ 2 );\">\n<div class=\"fusion-layout-column fusion_builder_column fusion-builder-column-0 fusion_builder_column_1_1 1_1 fusion-flex-column\" style=\"--awb-bg-size:cover;--awb-width-large:100%;--awb-margin-top-large:0px;--awb-spacing-right-large:1.92%;--awb-margin-bottom-large:20px;--awb-spacing-left-large:1.92%;--awb-width-medium:100%;--awb-spacing-right-medium:1.92%;--awb-spacing-left-medium:1.92%;--awb-width-small:100%;--awb-spacing-right-small:1.92%;--awb-spacing-left-small:1.92%;\"><div class=\"fusion-column-wrapper fusion-flex-justify-content-flex-start fusion-content-layout-column\">\n<div class=\"fusion-text fusion-text-1\"><h2>Manual de Ayuda del Registro de la Propiedad<\/h2>\n<h3>Descarga el Manual de Ayuda del Registro Online<\/h3>\n<p>Manual de ayuda elaborado por el Colegio de Registradores en el que encontrar\u00e1s informaci\u00f3n sobre c\u00f3mo proceder con:<\/p>\n<p>Alta en el servicio del Registro Online (con y sin certificado de firma electr\u00f3nica).<br \/>\nConsulta de datos inscritos en el Registro de la Propiedad sobre un inmueble determinado (titularidad, cargas, fecha de emisi\u00f3n, identificador \u00fanica de la finca registral etc.)<\/p>\n<p>* Manual actualizado por el Colegio de Registradores a 11\/03\/2016.<\/p>\n<p>\u00a1Accede a la informaci\u00f3n completa descargando el documento!<script type=\"text\/javascript\" src=\"https:\/\/api.clientify.net\/web-marketing\/superforms\/script\/115394.js\"><\/script><\/p>\n<\/div>\n<\/div><\/div>\n<\/div>\n<\/div>\n","protected":false},"excerpt":{"rendered":"","protected":false},"author":1,"featured_media":0,"parent":0,"menu_order":0,"comment_status":"closed","ping_status":"closed","template":"templates\/new_landing.php","meta":{"inline_featured_image":false,"footnotes":""},"class_list":["post-1791","page","type-page","status-publish","hentry"],"_links":{"self":[{"href":"https:\/\/vivenziahome.com\/blog\/wp-json\/wp\/v2\/pages\/1791","targetHints":{"allow":["GET"]}}],"collection":[{"href":"https:\/\/vivenziahome.com\/blog\/wp-json\/wp\/v2\/pages"}],"about":[{"href":"https:\/\/vivenziahome.com\/blog\/wp-json\/wp\/v2\/types\/page"}],"author":[{"embeddable":true,"href":"https:\/\/vivenziahome.com\/blog\/wp-json\/wp\/v2\/users\/1"}],"replies":[{"embeddable":true,"href":"https:\/\/vivenziahome.com\/blog\/wp-json\/wp\/v2\/comments?post=1791"}],"version-history":[{"count":5,"href":"https:\/\/vivenziahome.com\/blog\/wp-json\/wp\/v2\/pages\/1791\/revisions"}],"predecessor-version":[{"id":4786,"href":"https:\/\/vivenziahome.com\/blog\/wp-json\/wp\/v2\/pages\/1791\/revisions\/4786"}],"wp:attachment":[{"href":"https:\/\/vivenziahome.com\/blog\/wp-json\/wp\/v2\/media?parent=1791"}],"curies":[{"name":"wp","href":"https:\/\/api.w.org\/{rel}","templated":true}]}}